Let t(r) = 2*r**3 - 2*r**2 + 1 - 41*r**3 + r**2. Let o = -5 + 4. What is the tens digit of t(o)?
3
Let u(x) = 4*x + 10. Let r be u(-2). Suppose r*g = -196 + 614. What is the units digit of g?
9
Suppose -4*k + 496 = 2*a - 94, 5*k = -5*a + 1455. What is the units digit of a?
7
Suppose -4 = 5*u - u. Let z(j) be the second derivative of 17*j**4/12 + j**3/6 - 5*j. What is the tens digit of z(u)?
1
Let g = -31 - -10. Let f = g + 11. What is the units digit of f*(3 + (-57)/15)?
8
Let m(b) = b**2 + b. Let i be m(-1). Suppose 9 = 3*s, -3*w + i*s - 5*s = -210. What is the units digit of w?
5
What is the tens digit of (-6)/(-4)*-24*(-5020)/90?
0
Suppose 2*b = -3*m + 1632, -9*b + 5*b - m = -3264. What is the hundreds digit of b?
8
Let z = -38 - -48. Suppose -y + z + 109 = 0. What is the tens digit of y?
1
Let l(a) = 3*a**2 - a. Let m be l(1). Suppose -5*p + 13 = -2, -w - m*p + 174 = 0. What is the hundreds digit of w?
1
Let h(x) = -4*x + 12. Let n be h(-6). Suppose n = 3*w - 60. What is the tens digit of w?
3
Suppose -2759 - 4528 = -21*j. What is the tens digit of j?
4
Suppose -2*d + 3 = -1. Suppose 0 = 4*z, 0 = d*h - 3*z + 4*z + 10. What is the tens digit of 3 + h - (-1 - 11)?
1
Let d = 26 - 29. Let u be (-259)/d - (-7)/(-21). Suppose u = g + g. What is the tens digit of g?
4
Let t(o) = 3293*o**3 + 5*o**2 + 4 + 0*o**2 - 3294*o**3 - 4*o. Let c(q) = q**2 - 10*q + 3. Let k be c(10). What is the units digit of t(k)?
0
What is the units digit of 5613/(-9)*(-12 - -9)?
1
Let p be -2*2 + 1/(-5)*-5. What is the tens digit of ((-63)/28)/(p/16)?
1
Suppose 2401 = 2*i - 833. What is the units digit of i?
7
Suppose 582*q - 4520 = 574*q. What is the tens digit of q?
6
Let y be (-3)/(-12)*-2*-454. Let v = -162 + y. Suppose 4*h = h - 5*d + v, 3*h - 53 = -2*d. What is the units digit of h?
5
Suppose -v + 605 = 3*f, -f - 4*f = -2*v + 1155. What is the hundreds digit of v?
5
Suppose 4*b + 2*f = 4786, 4*b = 7*f - 11*f + 4788. What is the units digit of b?
6
Suppose 3*x + 8 = -q, 4*x + 0*x - 3*q = 11. Let h be x - (-2 - -2 - 3). Suppose 4*l - 50 - 71 = -3*v, 3*l - 91 = -h*v. What is the tens digit of l?
3
Suppose 6*y - 24 = -0*y. Suppose -i - 4*i = -y*f + 377, 3*f = -i + 297. What is the tens digit of f?
9
Suppose 89*k - 3*t - 2055 = 88*k, -4*t + 16 = 0. What is the units digit of k?
7
Let y(s) = 3*s**2 + 4*s - 3. Let r be y(-5). Suppose 0*k - 2*k = -r. Let x = k - -19. What is the tens digit of x?
4
Suppose -39 = -5*d + 31. Let b(s) = s**3 - 14*s**2 + 16. Let w be b(d). What is the units digit of 68/w*32/2?
8
Let z be (2 - 1)/((-8)/(-24)). Suppose -5*h = -z*h - 60. What is the tens digit of h?
3
Let g(n) = -136*n**3 + 3*n**2 + 2*n. Suppose -6*s = 12 - 6. What is the hundreds digit of g(s)?
1
Let r(p) = p**2 - 17*p - 11. Let v be r(18). Suppose 5*m - v*m + 2 = 0. What is the units digit of m?
1
Let x(g) = -4*g - 3. Let c be x(3). What is the tens digit of (156/15)/((-6)/c)?
2
Let z(i) be the third derivative of 0 + 8*i**2 + 0*i + 1/8*i**4 + 1/60*i**5 + i**3. What is the units digit of z(-5)?
6
Let b be (-3)/9 + 300/9. Let t(i) = -i**2 + 18*i + 20. Let u be t(14). Let f = u - b. What is the units digit of f?
3
Suppose -9*j + 5*d - 2891 = -13*j, -2*j - d + 1441 = 0. What is the units digit of j?
9
Suppose 1037 = 4*s - 843. What is the tens digit of s?
7
Let z = 2039 + 286. What is the hundreds digit of z?
3
Let u(f) = -5*f - 6. Let s be u(-7). Suppose -s + 171 = 2*q. What is the tens digit of q?
7
Suppose 0 = -102*y + 106*y - 28. Let m = -4 - -7. Suppose 3*k - y = j + m, 4*k + j = 11. What is the units digit of k?
3
Suppose 6*s = 3*s + 453. Let v = s - 85. What is the units digit of v?
6
Suppose 5*q - 2288 = -43. What is the hundreds digit of q?
4
What is the hundreds digit of (-5490)/(-2) - (-8 + -2 - -14)?
7
Let i(q) = -13*q**2 + 4*q + 5. Let v be i(-5). What is the units digit of (-36)/24*v/6?
5
Suppose 0 = -5*p - 6*t + 5*t + 49, -p + 3*t = 3. Suppose -4*n = -p*n + 320. What is the tens digit of n?
6
Let v = 201 + -22. Suppose p + 2*a = 63, 4*p - 85 = 4*a + v. Suppose -2*b - n + 12 + 3 = 0, 0 = 4*b - 5*n - p. What is the units digit of b?
0
Suppose 654 = 17*l + 212. What is the tens digit of l?
2
Let c = 1382 + -705. What is the hundreds digit of c?
6
Let f(x) = -12*x**3 - 3*x - 3. Let j = -94 + 93. What is the units digit of f(j)?
2
Suppose 15 + 15 = 5*x. Suppose x*t - 388 = 410. What is the units digit of t?
3
Suppose 2*g - 2832 = 11*s - 16*s, 0 = 5*s - g - 2844. What is the tens digit of s?
6
Let y(l) = 4*l**2 - 4*l + 3*l - 4 + 2*l - 2*l. What is the units digit of y(-4)?
4
Let r = 120 - 46. Let i = r - 30. Suppose -2*h - 5*k + 39 = 0, -2*h + 0*h + i = 4*k. What is the units digit of h?
2
Suppose -14 = 3*k - 5*k. Suppose -k*u + u = -96. Suppose 4*c - 2*x + u - 40 = 0, -4*c + 24 = 4*x. What is the units digit of c?
6
Let h(o) = 4*o**2 + 99*o + 35. What is the thousands digit of h(-37)?
1
Let u(j) = -j**3 - 7*j**2 + 2*j + 17. Let r be u(-7). Suppose -r*d + 155 = 2*d. What is the units digit of d?
1
Let s(b) = -21*b**3 + b**2. Let c be s(1). Suppose 2*a = -2*a - 196. Let h = c - a. What is the units digit of h?
9
Let b(j) = -j + 1. Let p be b(-3). Let n be (1 - 0/(-3))*p. Suppose -10 = -q - n. What is the units digit of q?
6
What is the units digit of (-6)/(-1) + 1107 + 11?
4
Suppose -67 = 5*q + 18. Let s = q + 20. Suppose -2*t + 2*i - 18 = -6*t, s*t = i + 11. What is the units digit of t?
4
What is the hundreds digit of 8*1 - (-1430 - -50)?
3
Suppose 4*b = 4*t - 5984, -2*t - 5*b + 2992 = -0*b. What is the thousands digit of t?
1
Suppose -2*l - l = -5*l. Suppose 4*s - 8 - 4 = l, -5*v = -3*s - 421. What is the tens digit of v?
8
Let l(v) = -v**2 + 8*v + 13. Let w be l(9). What is the tens digit of ((130/w)/5)/((-2)/(-12))?
3
Let o be 13/39 - (-3583)/(-3). Let j be 6*1*o/(-18). What is the tens digit of j/12 + (-8)/48?
3
Let u(w) = 60*w**2 - 3*w + 2. Let a(y) = -y. Let j be 15/10*4/(-6). Let g be a(j). What is the tens digit of u(g)?
5
Suppose 72 = -a + 13*a. What is the hundreds digit of 1087/a + 4/(-24)?
1
Suppose -5*s - 2*i = 174, 4*i + 12 + 30 = -s. Let g = s + 90. What is the tens digit of g?
5
Let j = -375 - -259. Let c = -118 + 71. Let t = c - j. What is the units digit of t?
9
What is the tens digit of ((-446)/9)/((-8)/36)?
2
Suppose -56*o + 29040 = -16*o. What is the units digit of o?
6
Suppose -26*f = -1728 - 86490. What is the units digit of f?
3
Let m(g) = -g**3 - 18*g**2 - 20*g + 15. Let i = -25 - -42. Suppose l = -0*l - i. What is the tens digit of m(l)?
6
Suppose 123*l - 41208 = 106*l. What is the tens digit of l?
2
Suppose -2*h + 4*c = -3836, 3828 = 2*h - 7*c + 5*c. What is the thousands digit of h?
1
Let u = -1545 + 3597. What is the hundreds digit of u?
0
Let v = -25 - -25. Suppose v = 17*u - 21*u + 360. What is the units digit of u?
0
Suppose 0 = 2*n + 6, 4*l = 5*n - 88 + 1459. What is the hundreds digit of l?
3
Suppose 4*c - 2*h = -48, -5*c = h - 0*h + 46. Let r = 115 + c. What is the units digit of r?
5
Let d = -685 + 1067. What is the units digit of d?
2
Suppose 0 = -7*m - 1307 + 11989. What is the units digit of m?
6
Let z(x) = -x**2 + x + 1. Suppose -4*a = 4*i - 0*i + 12, -4*a + 23 = -3*i. Let t be z(a). What is the units digit of (-17)/(0 - t - 2)?
7
Suppose -3*o + 3810 = 3*i, 3*o - 3811 = 18*i - 22*i. What is the thousands digit of o?
1
Suppose -3*n + 5*n = 0. Suppose -4*w + 11 - 3 = n. Suppose k - y = 2*k - 3, 0 = 3*k + w*y - 7. What is the units digit of k?
1
Suppose -117 - 466 = -11*m. What is the tens digit of m?
5
Let c = 738 - 799. Let y = -40 + 13. Let d = y - c. What is the tens digit of d?
3
Suppose 4*f - 196 = 4*a - 0*a, -5*f + 20 = 0. What is the tens digit of ((-4)/(-6))/(15/a) + 61?
5
Let q be 394/30 - 6/45. Let k = 99 - q. What is the units digit of k?
6
Suppose 3*g - 2*f = -3*f + 85, g = -4*f + 10. Suppose 5*t - g - 75 = 0. Suppose -m + 0*l + 2*l = -11, 0 = -3*m + 2*l + t. What is the units digit of m?
5
Let h = 69 + 81. What is the hundreds digit of h?
1
Suppose 0 = 2*l - 18 - 14. Let k(z) = z - 12. Let g be k(l). Suppose 0*d = g*d - 4*a - 64, -d + 3*a = -14. What is the tens digit of d?
1
What is the tens digit of (-15)/(-35) + 13448/14?
6
Let o = 27 + -37. Let u = o + 14. What is the units digit of u?
4
Suppose -b = -4*b + 15. S